prime number?
True
Is 2051531059 a prime number?
False
Is 6449548643 a composite number?
True
Is 28727116954 composite?
True
Is 443074591 a composite number?
False
Is 102402744229 a composite number?
True
Is 11293743497 composite?
False
Is 1919371987 a prime number?
False
Is 47378351 a prime number?
True
Is 12097149767 a prime number?
False
Is 3214719559 prime?
True
Is 13276439971 a prime number?
False
Is 2810587411 a prime number?
True
Is 4095746113 composite?
True
Is 8020201181 prime?
True
Is 12017660367 composite?
True
Is 480158057 composite?
False
Is 8462899639 prime?
True
Is 8096881427 a composite number?
False
Is 2229365891 a composite number?
False
Is 616516363 composite?
False
Is 50510241851 prime?
True
Is 11496419518 a prime number?
False
Is 592772263 composite?
False
Is 11402846239 composite?
False
Is 661527793 composite?
True
Is 4930747517 composite?
True
Is 496045357 composite?
False
Is 367670023 composite?
True
Is 35609583499 composite?
True
Is 509388758 a composite number?
True
Is 178486771 prime?
True
Is 68918995 composite?
True
Is 160362384307 composite?
True
Is 48227174383 a prime number?
False
Is 115843123849 a composite number?
True
Is 670929967 a prime number?
True
Is 38835281663 a prime number?
True
Is 300949447 composite?
False
Is 2684810641 a composite number?
False
Is 882784849 prime?
True
Is 5163152939 a prime number?
False
Is 5663474319 a prime number?
False
Is 63078450031 prime?
True
Is 18080498035 composite?
True
Is 585613181 composite?
True
Is 4104817121 a prime number?
True
Is 3825363077 a composite number?
False
Is 335399558621 a composite number?
False
Is 8671517773 a composite number?
False
Is 143559827 a composite number?
True
Is 140199511295 prime?
False
Is 57225059 a prime number?
True
Is 332915279 a composite number?
True
Is 66831463 a composite number?
True
Is 15235549799 a composite number?
False
Is 31037719 a composite number?
True
Is 10255032803 a composite number?
False
Is 1592746373 a prime number?
False
Is 23361487463 prime?
True
Is 6912787679 prime?
False
Is 73989146713 composite?
True
Is 117404176951 a composite number?
True
Is 1006998019 a composite number?
True
Is 186764474963 a composite number?
True
Is 8567111117 composite?
False
Is 4289450237 prime?
True
Is 1181349503 a composite number?
True
Is 17491784599 a composite number?
True
Is 143827087 prime?
True
Is 4706171741 a prime number?
True
Is 17652040409 prime?
True
Is 319495483 a composite number?
False
Is 11066654945 a composite number?
True
Is 70498820597 a composite number?
True
Is 558239603 a composite number?
True
Is 195515743 prime?
True
Is 5007639589 prime?
False
Is 23436823343 prime?
True
Is 45263209967 prime?
True
Is 289560101 a composite number?
True
Is 1383103087 composite?
True
Is 3167211997 a prime number?
True
Is 415840637 prime?
True
Is 137515687 a composite number?
False
Is 21897950201 composite?
False
Is 517358477 prime?
False
Is 49555144153 composite?
True
Is 63817359 a composite number?
True
Is 484180819 prime?
False
Is 6327265442 a prime number?
False
Is 9214396333 composite?
False
Is 12039550949 composite?
True
Is 16361641389 a prime number?
False
Is 4938753341 composite?
False
Is 98157107 composite?
False
Is 154770563 a composite number?
True
Is 1658849813 composite?
False
Is 39425221457 a prime number?
True
Is 83401777 a composite number?
True
Is 405474893 composite?
False
Is 112119047 a prime number?
False
Is 75435005279 composite?
True
Is 13789534273 composite?
True
Is 13969951607 a composite number?
True
Is 14377521227 prime?
True
Is 29165957663 composite?
False
Is 806602546 a composite number?
True
Is 12087410089 prime?
False
Is 2143501769 composite?
False
Is 5845589429 a prime number?
True
Is 2748726973 a composite number?
False
Is 2421318533 prime?
True
Is 173714918467 a prime number?
True
Is 45859683019 prime?
False
Is 1289011469 a composite number?
False
Is 6310966091 prime?
True
Is 619254187 a composite number?
True
Is 4849209511 composite?
True
Is 121385497 composite?
True
Is 3844379447 a composite number?
True
Is 225516427 composite?
False
Is 345674341 a prime number?
False
Is 5002711 a composite number?
True
Is 1687366799 a composite number?
False
Is 2003772217 a composite number?
False
Is 689984509 a composite number?
True
Is 3332859329 composite?
True
Is 314862995 a prime number?
False
Is 825398927 a composite number?
True
Is 64146809731 a prime number?
True
Is 20389948609 a composite number?
False
Is 4866399589 a prime number?
False
Is 1627732441 a prime number?
False
Is 44472218243 a prime number?
False
Is 33157777351 composite?
True
Is 2848315759 a prime number?
False
Is 213179531 composite?
False
Is 741457401 prime?
False
Is 54758606431 prime?
False
Is 2747201669 prime?
True
Is 32320165499 a prime number?
False
Is 458799569 a composite number?
False
Is 4522496929 a prime number?
False
Is 8499138617 a prime number?
True
Is 24913253 composite?
True
Is 236486767 composite?
True
Is 3739359271 composite?
True
Is 11649791611 a composite number?
False
Is 161998315051 a composite number?
False
Is 302367001 prime?
False
Is 9261430814 a prime number?
False
Is 2161801979 a prime number?
False
Is 6457844807 composite?
False
Is 3483441161 a prime number?
False
Is 1737198163 a prime number?
True
Is 5279117141 a prime number?
True
Is 18526972393 composite?
True
Is 1045984493 a prime number?
False
Is 83096759 a composite number?
True
Is 4354137661 a composite number?
False
Is 1885772153 a composite number?
False
Is 1812703307 a composite number?
True
Is 5874216151 a prime number?
False
Is 25055114399 a composite number?
True
Is 24896605897 a prime number?
True
Is 3464823977 composite?
False
Is 2292990409 composite?
False
Is 199052783 prime?
True
Is 134879699 composite?
True
Is 80248657 a composite number?
False
Is 12991321997 a prime number?
False
Is 1260831643 composite?
False
Is 5146925107 prime?
False
Is 1667966453 a composite number?
False
Is 249933101 a composite number?
True
Is 1683415702 prime?
False
Is 178363417039 composite?
False
Is 1471548521 a prime number?
False
Is 59042253713 prime?
True
Is 12796425529 composite?
True
Is 3322231007 composite?
False
Is 276107642749 a composite number?
False
Is 6391698073 prime?
False
Is 3470315087 a prime number?
True
Is 210227021 a composite number?
False
Is 2698266533 composite?
True
Is 416427871 a composite number?
True
Is 74624672627 composite?
True
Is 43226084267 a composite number?
True
Is 901681685 composite?
True
Is 284055881 prime?
True
Is 2407423721 a composite number?
False
Is 5537121787 prime?
True
Is 9214616737 composite?
True
Is 1966980413 a composite number?
False
Is 6693462049 composite?
False
Is 4691486757 a composite number?
True
Is 248365811 prime?
False
Is 769403317 composite?
True
Is 1789336147 composite?
True
Is 5047095437 composite?
False
Is 2088633457 a composite number?
True
Is 440737939 a prime number?
False
Is 32581900937 prime?
True
Is 129523811 a prime number?
False
Is 279049921 a composite number?
False
Is 267178463 prime?
True
Is 17094746579 a prime number?
True
Is 6394373345 a prime number?
False
Is 2615336489 a composite number?
False
Is 118836658583 a prime number?
False
Is 6334651529 a prime number?
True
Is 6426969249 a prime number?
False
Is 2040288829 a prime number?
True
Is 10281253651 prime?
True
Is 1597596197 a composite number?
False
Is 1277502307 prime?
True
Is 4142358709 a prime number?
False
Is 430384213 prime?
False
Is 7789306949 a prime number?
True
Is 461674039 prime?
True
Is 2650027637 a prime number?
False
Is 146569954057 composite?
True
Is 3032787157 composite?
True
Is 1704673039 a composite number?
False
Is 97140349 a prime number?
True
Is 31531104139 composite?
False
Is 2794749193 prime?
True
Is 5715056759 composite?
True
Is 343140718891 a prime number?
False
Is 1955162501 a prime number?
True
Is 272419463 composite?
True
Is 1194598213 prime?
True
Is 146395973431 composite?
False
Is 58920051233 prime?
True
Is 33188832295 a prime number?
False
Is 7467115961 prime?
True
Is 10077559153 composite?
True
Is 2323903334 a prime number?
False
Is 5465509319 composite?
False
Is 7910650151 prime?
True
Is 465860363 a prime number?
True
Is 365866733 composite?
False
Is 59283769867 prime?
False
Is 571905407 prime?
True
Is 2196324